{"id":2,"date":"2016-05-10T03:48:21","date_gmt":"2016-05-10T03:48:21","guid":{"rendered":"http:\/\/blog.jan-macherius.de\/?page_id=2"},"modified":"2022-04-03T16:28:45","modified_gmt":"2022-04-03T14:28:45","slug":"sample-page","status":"publish","type":"page","link":"https:\/\/blog.jan-macherius.de\/?page_id=2","title":{"rendered":"Startseite und Inhalte"},"content":{"rendered":"\n<p>Mit diesem Blog m\u00f6chte ich \u00fcber mein Leben, meine Familie, meine Arbeit meine&nbsp;Erlebnisse berichten. Es befindet sich alles noch im Aufbau, \u00fcber ernstgemeinte Kritik freue ich mich jederzeit.<\/p>\n\n\n\n<p>Berlin hat mich schon in Kindheitstagen fasziniert. Meine Erinnerungen reichen bis zum zarten Alter von vier Jahren zur\u00fcck, als ich mit Eltern und Gro\u00dfeltern am Zeutner oder Crossinsee zelten war.<\/p>\n\n\n\n<p>Jetzt ist es mein Hobby, Berlin zu erkunden, vorhandene Erinnerungen mit Neuem in Einklang zu bringen oder auch mich auf historischen Pfaden zu bewegen, die nun mal zur deutschen Geschichte geh\u00f6ren. Die<span class=\"text_exposed_show\">se Seite soll als eine Art Blog dienen, um meine Erlebnisse zu dokumentieren und auch der Allgemeinheit zur Verf\u00fcgung zu stellen.<\/span><\/p>\n\n\n\n<p>Mittlerweile hat sich alles weiter entwickelt und ich poste hier nicht nur zum Thema &#8220;Berlin&#8221;, sondern \u00fcber alle meine Reisen und Erlebnisse, die vor allem mit deutscher Geschichte und Luftfahrt in Verbindung stehen.<\/p>\n","protected":false},"excerpt":{"rendered":"<p>Mit diesem Blog m\u00f6chte ich \u00fcber mein Leben, meine Familie, meine Arbeit meine&nbsp;Erlebnisse berichten. Es befindet sich alles noch im<\/p>\n","protected":false},"author":1,"featured_media":0,"parent":0,"menu_order":1,"comment_status":"closed","ping_status":"open","template":"","meta":{"footnotes":""},"class_list":["post-2","page","type-page","status-publish","hentry"],"_links":{"self":[{"href":"https:\/\/blog.jan-macherius.de\/index.php?rest_route=\/wp\/v2\/pages\/2","targetHints":{"allow":["GET"]}}],"collection":[{"href":"https:\/\/blog.jan-macherius.de\/index.php?rest_route=\/wp\/v2\/pages"}],"about":[{"href":"https:\/\/blog.jan-macherius.de\/index.php?rest_route=\/wp\/v2\/types\/page"}],"author":[{"embeddable":true,"href":"https:\/\/blog.jan-macherius.de\/index.php?rest_route=\/wp\/v2\/users\/1"}],"replies":[{"embeddable":true,"href":"https:\/\/blog.jan-macherius.de\/index.php?rest_route=%2Fwp%2Fv2%2Fcomments&post=2"}],"version-history":[{"count":1,"href":"https:\/\/blog.jan-macherius.de\/index.php?rest_route=\/wp\/v2\/pages\/2\/revisions"}],"predecessor-version":[{"id":332,"href":"https:\/\/blog.jan-macherius.de\/index.php?rest_route=\/wp\/v2\/pages\/2\/revisions\/332"}],"wp:attachment":[{"href":"https:\/\/blog.jan-macherius.de\/index.php?rest_route=%2Fwp%2Fv2%2Fmedia&parent=2"}],"curies":[{"name":"wp","href":"https:\/\/api.w.org\/{rel}","templated":true}]}}